{"id":103,"date":"2022-01-17T12:46:47","date_gmt":"2022-01-17T11:46:47","guid":{"rendered":"https:\/\/acel-asso.com\/wordpress\/?page_id=103"},"modified":"2025-02-01T15:12:32","modified_gmt":"2025-02-01T14:12:32","slug":"103-2","status":"publish","type":"page","link":"https:\/\/acel-asso.com\/?page_id=103","title":{"rendered":"\u00c9ducation"},"content":{"rendered":"<p>[et_pb_section fb_built=\u00a0\u00bb1&Prime; fullwidth=\u00a0\u00bbon\u00a0\u00bb _builder_version=\u00a0\u00bb4.16&Prime; _module_preset=\u00a0\u00bbdefault\u00a0\u00bb animation_style=\u00a0\u00bbfade\u00a0\u00bb global_colors_info=\u00a0\u00bb{}\u00a0\u00bb][et_pb_fullwidth_slider _builder_version=\u00a0\u00bb4.27.4&Prime; _module_preset=\u00a0\u00bbdefault\u00a0\u00bb hover_enabled=\u00a0\u00bb0&Prime; global_colors_info=\u00a0\u00bb{}\u00a0\u00bb sticky_enabled=\u00a0\u00bb0&Prime;][et_pb_slide heading=\u00a0\u00bb\u00c9ducation\u00a0\u00bb _builder_version=\u00a0\u00bb4.27.4&Prime; _module_preset=\u00a0\u00bbdefault\u00a0\u00bb background_image=\u00a0\u00bbhttps:\/\/acel-asso.com\/wp-content\/uploads\/2022\/01\/Acel-11-03-2017-08-scaled.jpg\u00a0\u00bb background_enable_image=\u00a0\u00bbon\u00a0\u00bb hover_enabled=\u00a0\u00bb0&Prime; global_colors_info=\u00a0\u00bb{}\u00a0\u00bb sticky_transition=\u00a0\u00bbon\u00a0\u00bb title_text=\u00a0\u00bbAcel-11-03-2017-08&Prime; sticky_enabled=\u00a0\u00bb0&Prime;][\/et_pb_slide][\/et_pb_fullwidth_slider][\/et_pb_section][et_pb_section fb_built=\u00a0\u00bb1&Prime; _builder_version=\u00a0\u00bb4.16&Prime; _module_preset=\u00a0\u00bbdefault\u00a0\u00bb global_colors_info=\u00a0\u00bb{}\u00a0\u00bb][et_pb_row _builder_version=\u00a0\u00bb4.16&Prime; _module_preset=\u00a0\u00bbdefault\u00a0\u00bb global_colors_info=\u00a0\u00bb{}\u00a0\u00bb][et_pb_column type=\u00a0\u00bb4_4&Prime; _builder_version=\u00a0\u00bb4.16&Prime; _module_preset=\u00a0\u00bbdefault\u00a0\u00bb global_colors_info=\u00a0\u00bb{}\u00a0\u00bb][et_pb_text _builder_version=\u00a0\u00bb4.16&Prime; _module_preset=\u00a0\u00bbdefault\u00a0\u00bb animation_style=\u00a0\u00bbflip\u00a0\u00bb animation_delay=\u00a0\u00bb1000ms\u00a0\u00bb global_colors_info=\u00a0\u00bb{}\u00a0\u00bb]<\/p>\n<p><span>D\u00e8s 2 mois 1\/2 votre chiot d\u00e9butera \u00e0 \u00ab\u00a0l\u2019\u00e9cole des chiots\u00a0\u00bb ou groupe des \u00ab\u00a0Bleus\u00a0\u00bb. Vers 4-5 mois, il passera dans les groupe des \u00ab\u00a0Jaunes\u00a0\u00bb, des \u00ab\u00a0Rouges\u00a0\u00bb vers 8-9 mois puis des \u00ab\u00a0Verts\u00a0\u00bb suivant ses acquis.<br \/><\/span><\/p>\n<p><span>Au fil des le\u00e7ons,\u00a0 en fonction de son \u00e9volution (et de la v\u00f4tre\u2026) et des progr\u00e8s observ\u00e9s, il int\u00e9grera un autre groupe pour parfaire son \u00e9ducation.\u00a0<\/span><\/p>\n<p><span>Les cours d\u2019\u00e9ducation canine sont encadr\u00e9s par des\u00a0<strong>monitrices et moniteurs\u00a0<span style=\"color: #ff0000;\">b\u00e9n\u00e9voles<\/span><\/strong>.<\/span><\/p>\n<p><span>Ils vous feront profiter de leur exp\u00e9rience et r\u00e9pondront au mieux aux questions que vous vous posez pour bien vivre avec votre chien.<br \/><\/span><\/p>\n<p><span>Les cours ont lieu tous les samedis :<\/span><\/p>\n<p><span>\u00a0 \u2013 de 14h15 \u00e0 15h15 pour l\u2019Ecole des chiots\u00a0 \u00ab\u00a0Bleus\u00a0\u00bb et \u00ab\u00a0Jaunes\u00a0\u00bb<br \/><\/span><\/p>\n<p><span>\u00a0 \u2013 de 15h45 \u00e0 16h45\u00a0 pour les \u00ab\u00a0Rouges\u00a0\u00bb et \u00ab\u00a0Verts\u00a0\u00bb<br \/><\/span><\/p>\n<p><span>Nous ne prenons les chiens de + d\u2019 1 an en \u00e9ducation qu\u2019apr\u00e8s une \u00e9valuation faite par un ou plusieurs moniteurs.<br \/><\/span><\/p>\n<p><span>Pour tous les chiens\u00a0 qui arrivent au club, un cours th\u00e9orique est donn\u00e9 \u00e0 14h00 pour les chiots jusqu\u2019\u00e0 8 mois et 15h30 pour ceux de + de 8 mois.<\/span><\/p>\n<p><span>Par rapport au probl\u00e8me sanitaire du moment, pr\u00e9venir par t\u00e9l\u00e9phone ou par mail de votre venue, merci.<\/span><\/p>\n<p>[\/et_pb_text][\/et_pb_column][\/et_pb_row][et_pb_row _builder_version=\u00a0\u00bb4.16&Prime; _module_preset=\u00a0\u00bbdefault\u00a0\u00bb global_colors_info=\u00a0\u00bb{}\u00a0\u00bb][et_pb_column type=\u00a0\u00bb4_4&Prime; _builder_version=\u00a0\u00bb4.16&Prime; _module_preset=\u00a0\u00bbdefault\u00a0\u00bb global_colors_info=\u00a0\u00bb{}\u00a0\u00bb][et_pb_text _builder_version=\u00a0\u00bb4.16&Prime; _module_preset=\u00a0\u00bbdefault\u00a0\u00bb animation_style=\u00a0\u00bbslide\u00a0\u00bb animation_delay=\u00a0\u00bb2000ms\u00a0\u00bb global_colors_info=\u00a0\u00bb{}\u00a0\u00bb]<\/p>\n<h1>Quelques photos \u2026<\/h1>\n<p>[\/et_pb_text][\/et_pb_column][\/et_pb_row][et_pb_row column_structure=\u00a0\u00bb1_3,1_3,1_3&Prime; _builder_version=\u00a0\u00bb4.16&Prime; _module_preset=\u00a0\u00bbdefault\u00a0\u00bb animation_style=\u00a0\u00bbbounce\u00a0\u00bb animation_direction=\u00a0\u00bbleft\u00a0\u00bb animation_delay=\u00a0\u00bb2500ms\u00a0\u00bb global_colors_info=\u00a0\u00bb{}\u00a0\u00bb][et_pb_column type=\u00a0\u00bb1_3&Prime; _builder_version=\u00a0\u00bb4.16&Prime; _module_preset=\u00a0\u00bbdefault\u00a0\u00bb global_colors_info=\u00a0\u00bb{}\u00a0\u00bb][et_pb_image src=\u00a0\u00bbhttps:\/\/acel-asso.com\/wp-content\/uploads\/2022\/01\/IMG_1468-scaled-e1642848341830.jpg\u00a0\u00bb title_text=\u00a0\u00bbIMG_1468&Prime; _builder_version=\u00a0\u00bb4.27.4&Prime; _module_preset=\u00a0\u00bbdefault\u00a0\u00bb hover_enabled=\u00a0\u00bb0&Prime; global_colors_info=\u00a0\u00bb{}\u00a0\u00bb sticky_enabled=\u00a0\u00bb0&Prime;][\/et_pb_image][\/et_pb_column][et_pb_column type=\u00a0\u00bb1_3&Prime; _builder_version=\u00a0\u00bb4.16&Prime; _module_preset=\u00a0\u00bbdefault\u00a0\u00bb global_colors_info=\u00a0\u00bb{}\u00a0\u00bb][et_pb_image src=\u00a0\u00bbhttps:\/\/acel-asso.com\/wp-content\/uploads\/2022\/04\/20220122_143940-scaled.jpg\u00a0\u00bb title_text=\u00a0\u00bb20220122_143940&Prime; _builder_version=\u00a0\u00bb4.27.4&Prime; _module_preset=\u00a0\u00bbdefault\u00a0\u00bb hover_enabled=\u00a0\u00bb0&Prime; global_colors_info=\u00a0\u00bb{}\u00a0\u00bb sticky_enabled=\u00a0\u00bb0&Prime;][\/et_pb_image][\/et_pb_column][et_pb_column type=\u00a0\u00bb1_3&Prime; _builder_version=\u00a0\u00bb4.16&Prime; _module_preset=\u00a0\u00bbdefault\u00a0\u00bb global_colors_info=\u00a0\u00bb{}\u00a0\u00bb][et_pb_image src=\u00a0\u00bbhttps:\/\/acel-asso.com\/wp-content\/uploads\/2022\/04\/20220122_150842-scaled.jpg\u00a0\u00bb title_text=\u00a0\u00bb20220122_150842&Prime; _builder_version=\u00a0\u00bb4.27.4&Prime; _module_preset=\u00a0\u00bbdefault\u00a0\u00bb hover_enabled=\u00a0\u00bb0&Prime; global_colors_info=\u00a0\u00bb{}\u00a0\u00bb sticky_enabled=\u00a0\u00bb0&Prime;][\/et_pb_image][\/et_pb_column][\/et_pb_row][\/et_pb_section]<\/p>\n","protected":false},"excerpt":{"rendered":"<p>D\u00e8s 2 mois 1\/2 votre chiot d\u00e9butera \u00e0 \u00ab\u00a0l\u2019\u00e9cole des chiots\u00a0\u00bb ou groupe des \u00ab\u00a0Bleus\u00a0\u00bb. Vers 4-5 mois, il passera dans les groupe des \u00ab\u00a0Jaunes\u00a0\u00bb, des \u00ab\u00a0Rouges\u00a0\u00bb vers 8-9 mois puis des \u00ab\u00a0Verts\u00a0\u00bb suivant ses acquis. Au fil des le\u00e7ons,\u00a0 en fonction de son \u00e9volution (et de la v\u00f4tre\u2026) et des progr\u00e8s observ\u00e9s, il int\u00e9grera [&hellip;]<\/p>\n","protected":false},"author":1,"featured_media":0,"parent":82,"menu_order":0,"comment_status":"closed","ping_status":"closed","template":"","meta":{"_et_pb_use_builder":"on","_et_pb_old_content":"","_et_gb_content_width":"","footnotes":""},"class_list":["post-103","page","type-page","status-publish","hentry"],"_links":{"self":[{"href":"https:\/\/acel-asso.com\/index.php?rest_route=\/wp\/v2\/pages\/103","targetHints":{"allow":["GET"]}}],"collection":[{"href":"https:\/\/acel-asso.com\/index.php?rest_route=\/wp\/v2\/pages"}],"about":[{"href":"https:\/\/acel-asso.com\/index.php?rest_route=\/wp\/v2\/types\/page"}],"author":[{"embeddable":true,"href":"https:\/\/acel-asso.com\/index.php?rest_route=\/wp\/v2\/users\/1"}],"replies":[{"embeddable":true,"href":"https:\/\/acel-asso.com\/index.php?rest_route=%2Fwp%2Fv2%2Fcomments&post=103"}],"version-history":[{"count":8,"href":"https:\/\/acel-asso.com\/index.php?rest_route=\/wp\/v2\/pages\/103\/revisions"}],"predecessor-version":[{"id":414,"href":"https:\/\/acel-asso.com\/index.php?rest_route=\/wp\/v2\/pages\/103\/revisions\/414"}],"up":[{"embeddable":true,"href":"https:\/\/acel-asso.com\/index.php?rest_route=\/wp\/v2\/pages\/82"}],"wp:attachment":[{"href":"https:\/\/acel-asso.com\/index.php?rest_route=%2Fwp%2Fv2%2Fmedia&parent=103"}],"curies":[{"name":"wp","href":"https:\/\/api.w.org\/{rel}","templated":true}]}}